f 56338?
2, 17, 1657
List the prime factors of 2902487.
7, 414641
List the prime factors of 4459028.
2, 7, 163, 977
What are the prime factors of 481727?
73, 6599
What are the prime factors of 195455?
5, 13, 31, 97
List the prime factors of 5330332.
2, 7, 190369
List the prime factors of 761271.
3, 7, 36251
List the prime factors of 1098604.
2, 13, 37, 571
What are the prime factors of 8301346?
2, 4150673
What are the prime factors of 1536509?
13, 181, 653
What are the prime factors of 172059?
3, 83, 691
What are the prime factors of 1015427?
7, 17, 23, 53
List the prime factors of 11093057.
1409, 7873
What are the prime factors of 11724283?
11724283
List the prime factors of 19326349.
7, 173, 15959
What are the prime factors of 6679392?
2, 3, 41, 1697
What are the prime factors of 188138?
2, 19, 4951
What are the prime factors of 760022?
2, 211, 1801
What are the prime factors of 253576?
2, 29, 1093
What are the prime factors of 6150530?
2, 5, 615053
List the prime factors of 1006537.
7, 143791
What are the prime factors of 807035?
5, 161407
What are the prime factors of 177802?
2, 19, 4679
What are the prime factors of 314859?
3, 104953
List the prime factors of 264452.
2, 17, 3889
What are the prime factors of 2946701?
89, 113, 293
List the prime factors of 2803636.
2, 11, 63719
List the prime factors of 6667380.
2, 3, 5, 12347
What are the prime factors of 408941?
13, 83, 379
List the prime factors of 2505847.
2505847
List the prime factors of 463298.
2, 11, 21059
List the prime factors of 9132872.
2, 7, 71, 2297
What are the prime factors of 13115326?
2, 7, 41, 73, 313
What are the prime factors of 207663?
3, 69221
What are the prime factors of 21947536?
2, 13, 105517
List the prime factors of 238032.
2, 3, 19, 29
List the prime factors of 433060.
2, 5, 59, 367
List the prime factors of 74637.
3, 8293
What are the prime factors of 20395?
5, 4079
List the prime factors of 2600212.
2, 37, 17569
What are the prime factors of 15550516?
2, 1861, 2089
List the prime factors of 295706.
2, 147853
What are the prime factors of 240629?
41, 5869
List the prime factors of 260505.
3, 5, 7, 827
List the prime factors of 5754312.
2, 3, 229, 349
What are the prime factors of 22241917?
101, 220217
List the prime factors of 3307797.
3, 97, 421
What are the prime factors of 4115?
5, 823
List the prime factors of 969987.
3, 313, 1033
List the prime factors of 814020.
2, 3, 5, 13567
List the prime factors of 340816.
2, 7, 17, 179
List the prime factors of 147934.
2, 17, 19, 229
What are the prime factors of 1243474?
2, 19, 43, 761
List the prime factors of 25094061.
3, 659, 4231
List the prime factors of 5450797.
11, 495527
List the prime factors of 796456.
2, 29, 3433
List the prime factors of 75833.
75833
List the prime factors of 916240.
2, 5, 13, 881
What are the prime factors of 895572?
2, 3, 24877
List the prime factors of 1292497.
67, 101, 191
List the prime factors of 320926.
2, 17, 9439
List the prime factors of 1994619.
3, 11, 60443
List the prime factors of 54917.
54917
List the prime factors of 150400.
2, 5, 47
List the prime factors of 3422657.
7, 113, 4327
What are the prime factors of 1604273?
11, 17, 23, 373
List the prime factors of 7810205.
5, 13, 120157
What are the prime factors of 13587866?
2, 2383, 2851
What are the prime factors of 54348?
2, 3, 7, 647
List the prime factors of 27380317.
2503, 10939
List the prime factors of 478023.
3, 7, 13, 17, 103
List the prime factors of 361866.
2, 3, 41, 1471
List the prime factors of 1534020.
2, 3, 5, 37, 691
What are the prime factors of 1487879?
47, 31657
What are the prime factors of 67514?
2, 33757
List the prime factors of 1803960.
2, 3, 5, 5011
List the prime factors of 720849.
3, 240283
List the prime factors of 7155226.
2, 13, 275201
List the prime factors of 297239.
131, 2269
List the prime factors of 3377657.
3377657
List the prime factors of 1569458.
2, 11, 71339
List the prime factors of 1821350.
2, 5, 73, 499
List the prime factors of 1206741.
3, 23, 17489
List the prime factors of 726604.
2, 373, 487
List the prime factors of 204583.
204583
What are the prime factors of 307337?
307337
What are the prime factors of 428479?
109, 3931
What are the prime factors of 542552?
2, 67819
What are the prime factors of 1481090?
2, 5, 13, 11393
List the prime factors of 122831.
113, 1087
What are the prime factors of 4909713?
3, 1636571
List the prime factors of 141437.
67, 2111
List the prime factors of 259106.
2, 129553
What are the prime factors of 1386812?
2, 7, 49529
List the prime factors of 9713198.
2, 11, 251, 1759
List the prime factors of 17673.
3, 43, 137
List the prime factors of 100175.
5, 4007
What are the prime factors of 16473973?
16473973
List the prime factors of 215670.
2, 3, 5, 7, 13, 79
What are the prime factors of 122220?
2, 3, 5, 7, 97
What are the prime factors of 52295?
5, 10459
What are the prime factors of 45649?
191, 239
List the prime factors of 547963.
13, 61, 691
What are the prime factors of 1091705?
5, 29, 7529
List the prime factors of 836294.
2, 67, 79
List the prime factors of 30394.
2, 7, 13, 167
What are the prime factors of 5277311?
13, 405947
List the prime factors of 11075243.
113, 98011
What are the prime factors of 2410027?
2410027
What are the prime factors of 2345859?
3, 260651
List the prime factors of 4107814.
2, 37, 55511
List the prime factors of 788580.
2, 3, 5, 13, 337
List the prime factors of 232363.
232363
What are the prime factors of 265165?
5, 181, 293
List the prime factors of 540946.
2, 7, 38639
What are the prime factors of 718095?
3, 5, 7, 977
List the prime factors of 32943420.
2, 3, 5, 29, 6311
What are the prime factors of 21440261?
21440261
List the prime factors of 906933.
3, 17, 17783
List the prime factors of 339142.
2, 37, 4583
What are the prime factors of 5402621?
7, 223, 3461
List the prime factors of 14210261.
13, 29, 37693
What are the prime factors of 1143164?
2, 11, 25981
List the prime factors of 597000.
2, 3, 5, 199
List the prime factors of 659389.
727, 907
List the prime factors of 100996.
2, 7, 3607
List the prime factors of 269836.
2, 7, 23, 419
What are the prime factors of 626912?
2, 11, 13, 137
List the prime factors of 268019.
23, 43, 271
List the prime factors of 672672.
2, 3, 7, 11, 13
List the prime factors of 56526.
2, 3, 9421
List the prime factors of 4681192.
2, 585149
List the prime factors of 29551236.
2, 3, 11, 13, 17, 1013
What are the prime factors of 22365055?
5, 4473011
List the prime factors of 81901.
81901
What are the prime factors of 3011727?
3, 1003909
List the prime factors of 101975.
5, 4079
What are the prime factors of 525223?
659, 797
What are the prime factors of 77550?
2, 3, 5, 11, 47
What are the prime factors of 6065679?
3, 47, 43019
List the prime factors of 1992402.
2, 3, 71, 1559
List the prime factors of 4302880.
2, 5, 26893
What are the prime factors of 2857955?
5, 17, 33623
What are the prime factors of 171564?
2, 3, 17, 29
List the prime factors of 2753739.
3, 305971
List the prime factors of 124108.
2, 19, 23, 71
List the prime factors of 135181.
135181
What are the prime factors of 7045893?
3, 260959
List the prime factors of 497149.
109, 4561
What are the prime factors of 1514408?
2, 7, 27043
List the prime factors of 153666.
2, 3, 8537
List the prime factors of 582160.
2, 5, 19, 383
What are the prime factors of 2841198?
2, 3, 473533
List the prime factors of 945533.
457, 2069
What are the prime factors of 1409947?
7, 11, 18311
What are the prime factors of 66237?
3, 22079
List the prime factors of 13836956.
2, 7, 263, 1879
What are the prime factors of 11080912?
2, 101, 6857
What are the prime factors of 3173060?
2, 5, 11, 14423
What are the prime factors of 559284?
2, 3, 11, 19, 223
List the prime factors of 17929.
17929
What are the prime factors of 4304226?
2, 3, 31, 73, 317
What are the prime factors of 14012?
2, 31, 113
List the prime factors of 5712387.
3, 1904129
List the prime factors of 8405053.
113, 74381
What are the prime factors of 26819460?
2, 3, 5, 148997
What are the prime factors of 302012?
2, 75503
List the prime factors of 1889186.
2, 13, 72661
What are the prime factors of 30507?
3, 10169
List the prime factors of 262612.
2, 7, 83, 113
List the pri